Calculate h(62).
-3
Let a(m) = m**2 - 23*m - 55. Calculate a(-7).
155
Let m(s) = 3*s**3 - 9*s**2 - 54*s - 24. What is m(6)?
-24
Let l(k) = 7*k + 351. What is l(0)?
351
Let t(f) = -2*f**3 - 62*f**2 + 534*f + 49. What is t(-38)?
-27
Let k(d) = 2*d**3 + 128*d**2 + 133*d + 440. Calculate k(-63).
-1
Let c(j) = 90*j**3 + j**2 + 5*j + 5. Calculate c(-2).
-721
Let u(q) = 3595*q - 25171. Give u(7).
-6
Let h(m) = -33*m - 335. Calculate h(-9).
-38
Let f(s) = 558*s + 2855. Determine f(-5).
65
Let z(t) = 42*t**3 + 4*t**2 - 12*t - 1. What is z(2)?
327
Let r(a) = -a**2 - 239*a + 2625. What is r(11)?
-125
Let z(j) = -2*j**2 + 15*j + 114. What is z(-5)?
-11
Let c(l) = 5*l**2 + 33*l - 252. Determine c(-11).
-10
Let s(c) = -6*c + 123. Give s(0).
123
Let u(j) = -3*j**3 + 31*j**2 - 5*j - 53. Calculate u(10).
-3
Let z(v) = -1675*v + 73686. What is z(44)?
-14
Let m(v) = 20*v**2 + 782*v + 56. Determine m(-39).
-22
Let a(d) = -293*d - 9971. Calculate a(-34).
-9
Let a(u) = u**3 - 12*u**2 + 35*u - 104. Give a(9).
-32
Let o(j) = -j**3 - 21*j**2 - 55*j + 8. Determine o(-17).
-213
Let u(c) = 1632*c + 4865. Determine u(-3).
-31
Let i(w) = -11*w + 269. Calculate i(28).
-39
Let f(t) = -2*t**2 - 30*t - 68. Determine f(-22).
-376
Let x(a) = 7*a**2 + 36*a + 19. What is x(-4)?
-13
Let i(l) = -l**3 - 16*l**2 - 8*l. Determine i(-16).
128
Let f(c) = -241*c - 8194. Determine f(-34).
0
Let c(i) = 70*i**3 + 70*i**2 - 6*i - 2. Determine c(-1).
4
Let v(k) = -2*k**3 + 25*k**2 - 22*k - 129. Determine v(11).
-8
Let h(a) = a**3 + 3*a**2 - 8*a - 41. Give h(-5).
-51
Let m(r) = r**3 - 47*r**2 + 169*r + 129. What is m(43)?
0
Let m(x) = 16*x - 654. What is m(38)?
-46
Let l(j) = 24*j - 673. Calculate l(25).
-73
Let n(z) = -3*z**3 + 2*z**2 - 3*z - 3. Calculate n(-2).
35
Let p(g) = -341*g - 2729. What is p(-8)?
-1
Let s(a) = 1120*a - 11218. Calculate s(10).
-18
Let j(s) = 3*s**2 + 59*s - 571. What is j(-27)?
23
Let s(i) = -6*i**2 + i - 5. Give s(3).
-56
Let a(x) = 1091*x - 4369. Determine a(4).
-5
Let h(i) = -9*i**2 - 375*i + 123. What is h(-42)?
-3
Let d(m) = -6*m + 141. Determine d(-25).
291
Let o(c) = 48*c + 1379. Give o(-22).
323
Let v(b) = 443*b + 37653. Determine v(-85).
-2
Let m(f) = f**3 - 30*f**2 - 70*f + 207. Determine m(32).
15
Let o(a) = a**3 + 45*a**2 - 49*a - 144. Determine o(-46).
-6
Let b(t) = 4*t**3 + 9*t**2 - 12*t - 2. What is b(-3)?
7
Let l(v) = v**2 - 160*v - 1876. What is l(-10)?
-176
Let j(n) = n**3 + 11*n**2 + 24*n - 25. Give j(-3).
-25
Let b(y) = 121*y - 34118. What is b(282)?
4
Let w(q) = -7*q**2 + 88*q - 120. What is w(11)?
1
Let a(f) = -10*f + 167. Determine a(13).
37
Let z(y) = y**3 + 19*y**2 + 36*y + 39. Give z(-17).
5
Let s(h) = -856*h - 29099. Determine s(-34).
5
Let r(m) = 2*m**3 + 507*m**2 - 253*m + 269. What is r(-254)?
15
Let m(q) = 835*q - 5841. Determine m(7).
4
Let k(n) = -587*n - 4687. Determine k(-8).
9
Let q(a) = -91*a**2 + 992*a + 97. What is q(11)?
-2
Let c(p) = -11*p - 73. Calculate c(-10).
37
Let f(z) = 5*z**3 + 29*z**2 - 17*z - 60. Give f(-6).
6
Let s(y) = -55*y + 2730. Calculate s(50).
-20
Let v(l) = -116*l + 316. Calculate v(3).
-32
Let o(z) = -121*z + 19359. What is o(160)?
-1
Let b(m) = 14*m**3 + 83*m**2 - 6*m + 14. Give b(-6).
14
Let n(r) = -3*r**2 - 658*r - 4. What is n(0)?
-4
Let u(o) = 270*o - 5943. Determine u(22).
-3
Let l(u) = -2*u**2 + 70*u + 161. Determine l(37).
13
Let o(a) = a**2 - 85*a + 1617. Calculate o(29).
-7
Let u(q) = -q**3 + 7*q**2 - 2*q - 83. Give u(0).
-83
Let k(o) = -130*o - 6052. Determine k(-46).
-72
Let w(t) = -t**3 - 156*t**2 - 306*t + 80. Calculate w(-154).
-228
Let h(t) = 24*t - 428. Determine h(15).
-68
Let d(f) = -54*f + 269. What is d(5)?
-1
Let t(q) = q**3 - 14*q**2 - 15*q - 262. What is t(16)?
10
Let o(p) = p**2 + 77*p + 894. Calculate o(-14).
12
Let l(g) = g**3 - 27*g**2 - 29*g - 85. Determine l(28).
-113
Let o(q) = -q**2 + 21*q + 207. Calculate o(29).
-25
Let z(g) = -18*g + 143. Determine z(12).
-73
Let p(n) = -201*n - 409. Determine p(-2).
-7
Let d(w) = w**3 + 12*w**2 + 21*w + 113. Determine d(-11).
3
Let c(g) = 3*g**2 + 20*g - 19. What is c(-8)?
13
Let s(b) = 2*b**2 + 46*b + 19. Calculate s(-15).
-221
Let h(q) = -35*q - 77. Give h(-3).
28
Let d(y) = 33*y - 334. Calculate d(8).
-70
Let m(a) = -a**2 + 446*a - 6886. Calculate m(16).
-6
Let v(d) = -5*d**3 + 15*d**2 + 111*d - 324. Give v(3).
9
Let h(l) = 416*l - 4022. What is h(9)?
-278
Let c(u) = u**2 - 14*u + 66. Determine c(6).
18
Let w(i) = -23*i**2 + 225*i - 8. Give w(10).
-58
Let y(t) = -6*t + 228. Give y(30).
48
Let p(s) = 3*s - 83. Determine p(-21).
-146
Let z(n) = 358*n - 5356. Calculate z(15).
14
Let d(t) = t**2 + 26*t + 69. Give d(-32).
261
Let p(j) = 4*j**2 + 79*j + 204. Give p(-17).
17
Let c(m) = 150*m - 2941. What is c(17)?
-391
Let f(n) = 233*n - 12067. Determine f(52).
49
Let y(u) = 1677*u + 8400. Calculate y(-5).
15
Let q(r) = 2*r**3 + 88*r**2 - 102*r - 551. Determine q(-45).
-11
Let j(s) = -280*s - 383. What is j(-1)?
-103
Let c(k) = k**3 + 30*k**2 - 140*k - 225. Give c(-34).
-89
Let j(w) = -227*w - 6137. Calculate j(-27).
-8
Let l(b) = -93*b**2 + 3*b + 2. Determine l(-1).
-94
Let w(y) = -37*y + 2926. Give w(79).
3
Let s(p) = p**2 - 39*p + 451. Calculate s(15).
91
Let w(h) = -h**3 - 19*h**2 + 44*h + 46. Calculate w(-21).
4
Let l(j) = -39*j + 27. Give l(-3).
144
Let s(j) = 3*j**3 - 28*j**2 + 81*j - 81. Determine s(4).
-13
Let b(n) = n**3 + 68*n**2 + 66*n - 78. Determine b(-67).
-11
Let q(l) = 4*l**3 + 104*l**2 - 21*l - 347. Calculate q(-26).
199
Let w(z) = -8*z**2 + 4*z - 1. Give w(6).
-265
Let y(h) = 14*h**2 - 6*h + 5. Give y(1).
13
Let t(f) = -f**3 + 14*f**2 - 13*f + 2. Give t(13).
2
Let v(c) = 12*c**3 + 5*c**2 + 2*c - 10. What is v(-2)?
-90
Let g(l) = -l**3 - 14*l**2 + 20*l + 503. Give g(-12).
-25
Let h(r) = 3*r**2 - 34*r - 72. Determine h(13).
-7
Let i(k) = 99*k - 322. Calculate i(2).
-124
Let n(c) = -c**2 - 2*c + 15. Give n(0).
15
Let g(n) = -n**3 + 18*n**2 + 64*n + 63. Calculate g(-4).
159
Let k(j) = j**2 - 20*j - 267. Calculate k(29).
-6
Let d(n) = -673*n + 2026. Give d(3).
7
Let m(g) = -g**3 + 11*g**2 + 82*g - 31. What is m(16)?
1
Let n(b) = -458*b + 85662. Calculate n(187).
16
Let m(v) = -98*v - 1079. Determine m(-11).
-1
Let z(i) = 16*i + 700. Give z(-36).
124
Let w(j) = -16*j + 655. Determine w(41).
-1
Let o(z) = 62*z**2 - 1610*z - 57. Determine o(26).
-5
Let u(n) = 20*n - 1013. Calculate u(51).
7
Let a(s) = 505*s + 2511. Calculate a(-5).
-14
Let s(v) = -567*v + 1104. Give s(2).
-30
Let f(w) = 27*w**2 - 2*w - 8. Determine f(0).
-8
Let n(i) = -5*i**2 - 1254*i + 6655. What is n(-256)?
-1
Let x(s) = 3*s**3 + 34*s**2 - 24*s + 7. What is x(-12)?
7
Let k(z) = -8*z**2 - 87*z + 25. Give k(-11).
14
Let x(l) = 24*l**2 + 241*l + 16. Calculate x(-10).
6
Let o(q) = 75*q - 2153. What is o(29)?
22
Let v(g) = 3*g**2 - 33*g + 21. What is v(11)?
21
Let l(h) = 3*h**2 + 199*h - 1475. Give l(-73).
-15
Let b(y) = -109*y + 689. Give b(6).
35
Let n(b) = -b**2 + 8*b + 85. Calculate n(12).
37
Let k(c) = -22*c - 566. Determine k(-26).
6
Let n(r) = -788*r + 848. Calculate n(1).
60
Let o(z) = 12*z**2 - 17*z - 50. Determine o(-4).
210
Let c(k) = 54*k**2 - 389*k + 53. Give c(7).
-24
Let g(u) = -12*u**3 + 7*u**2 + 10*u. Calculate g(3).
-231
Let i(y) = -y**2 + 68*y + 153. Determine i(-2).
13
Let d(p) = -p**3 + 62*p**2 + 28*p + 2274. Calculate d(63).
69
Let c(d) = -8059*d - 24144. Give c(-3).
33
Let z(v) = v**3 + 19*v**2 + 5*v + 83. Determine z(-19).
-12
Let d(c) = -207*c + 830. Determine d(4).
2
Let v(r) = -27*r**2 - 324*r - 10. Determine v(-12).
-10
Let x(v) = -112*v - 1873. Determine x(-19).
255
Let l(i) = 14*i - 143. Determine l(22).
165
Let x(l) = -41*l + 1443. What is x(35)?
8
Let l(d) = -281*d + 3030. Give l(11).
-61
Let s(a) = -a**2 - 16*a + 105. What is s(-20)?
25
Let m(z) = -9*z**2 - 17*z - 9. Give m(-7).
-331
Let f(d) = -1916*d + 1915. Give f(1).
-1
Let m(t) = 126*t + 14499. What is m(-115)?
9
Let p(h) = -3*h**2 - 29*h - 126. Give p(-5).
-56
Let p(l) = l**2 - 28*l - 198. Calculate p(35).
47
Let s(r) = 36*r**2 + 110*r - 105. Calculate s(-4).
31
Let r(s) = -17*s**2 + 21*s - 102. Give r(4).
-290
Let o(s) = s**2 + 10*s + 20. Determine o(-8).
4
Let n(p) = 112*p - 370. What is n(2)?
-146
Let q(x) = -18*x + 1155. Calculate q(64).
3
Let p(b) = 32*b - 8. What is p(7)?